{"id":9013,"date":"2014-06-20T08:40:41","date_gmt":"2014-06-20T07:40:41","guid":{"rendered":"http:\/\/new.ilcarrozziere.it\/?page_id=9013"},"modified":"2024-07-01T15:30:39","modified_gmt":"2024-07-01T13:30:39","slug":"iva-applicata-nei-risarcimenti","status":"publish","type":"page","link":"https:\/\/ilcarrozziere.it\/blog\/iva-applicata-nei-risarcimenti\/","title":{"rendered":"IVA applicata nei risarcimenti"},"content":{"rendered":"<h1>IVA applicata nei risarcimenti<\/h1>\n<p>Le assicurazioni non rimborsano iva sui sinistri qualora il soggetto che ha subito il sinistro abbia la possibilit\u00e0 di detrarre (ovvero recuperare) l\u2019iva pagata sul sinistro stesso.<\/p>\n<p>SOGGETTI IVA. Per  soggetti IVA si intendono tutte le societ\u00e0 e tutte le persone fisiche titolari di una ditta individuale oppure che esercitano la libera professione. Tali soggetti possono recuperare l\u2019IVA con modalit\u00e0 e percentuali diverse a seconda dell\u2019attivit\u00e0 svolta,  del regime IVA in cui operano e della normativa di riferimento. Data l\u2019evoluzione della normativa, \u00e8 piuttosto complessa la definizione dell\u2019importo dell\u2019IVA da richiedere eventualmente a tali soggetti, si prova quindi a fornire una semplificazione con lo schema seguente. Attenzione: le compagnie in caso di polizze intestate a persone fisiche ancorch\u00e9 titolari di partita IVA indicano in polizza il codice fiscale, occorre quindi fare attenzione alle ditte individuali ed ai professionisti.<\/p>\n<p>Veicoli immatricolati come autocarro: l\u2019iva su tali veicoli \u00e8 sempre detraibile al 100%. Non \u00e8 valida la dichiarazione sostitutiva di atto di notoriet\u00e0.<\/p>\n<p>Veicoli aziendali: (no autocarri) l\u2019iva su tali veicoli pu\u00f2 essere:<\/p>\n<ul>\n<li> INTEGRALMENTE: indetraibile in quanto possiede un pro rata di detrazione iva determinato ai sensi dell\u2019art. 19 bis del DPR 633\/72 pari a zero, oppure ha esercitato per il periodo di imposta rilevante l\u2019opzione di cui all\u2019art. 36 bis del DPR 633\/72;<\/li>\n<li>PARZIALMENTE indetraibile nella misura del 60% per effetto della parziale inerenza del bene all\u2019esercizio dell\u2019impresa, arte o professione;<\/li>\n<li>PARZIALMENTE indetraibile nella misura del\u2026.% per effetto del pro rata di cui all\u2019art. 19 bis del DPR 600\/73 risultante dall\u2019ultima dichiarazione presentata.<\/li>\n<\/ul>\n<p>Nei casi in cui l\u2019IVA sia risarcita parzialmente occorre che il cliente, prima dell\u2019inizio della riparazione, compili il modulo di dichiarazione sostitutiva di atto di notoriet\u00e0 tenendo conto delle conseguenze legali di eventuali dichiarazioni mendaci.<br \/>\nAl ritiro dell\u2019autovettura il cliente verser\u00e0 l\u2019iva alla carrozzeria secondo le modalit\u00e0 sopradescritte.<\/p>\n","protected":false},"excerpt":{"rendered":"<p>IVA applicata nei risarcimenti Le assicurazioni non rimborsano iva sui sinistri qualora il soggetto che ha subito il sinistro abbia la possibilit\u00e0 di detrarre (ovvero recuperare) l\u2019iva pagata sul sinistro stesso. SOGGETTI IVA. [&hellip;]<\/p>\n","protected":false},"author":1,"featured_media":0,"parent":0,"menu_order":0,"comment_status":"open","ping_status":"open","template":"","meta":[],"_links":{"self":[{"href":"https:\/\/ilcarrozziere.it\/blog\/wp-json\/wp\/v2\/pages\/9013"}],"collection":[{"href":"https:\/\/ilcarrozziere.it\/blog\/wp-json\/wp\/v2\/pages"}],"about":[{"href":"https:\/\/ilcarrozziere.it\/blog\/wp-json\/wp\/v2\/types\/page"}],"author":[{"embeddable":true,"href":"https:\/\/ilcarrozziere.it\/blog\/wp-json\/wp\/v2\/users\/1"}],"replies":[{"embeddable":true,"href":"https:\/\/ilcarrozziere.it\/blog\/wp-json\/wp\/v2\/comments?post=9013"}],"version-history":[{"count":1,"href":"https:\/\/ilcarrozziere.it\/blog\/wp-json\/wp\/v2\/pages\/9013\/revisions"}],"predecessor-version":[{"id":9014,"href":"https:\/\/ilcarrozziere.it\/blog\/wp-json\/wp\/v2\/pages\/9013\/revisions\/9014"}],"wp:attachment":[{"href":"https:\/\/ilcarrozziere.it\/blog\/wp-json\/wp\/v2\/media?parent=9013"}],"curies":[{"name":"wp","href":"https:\/\/api.w.org\/{rel}","templated":true}]}}